alculate the greatest common divisor of n and l.
6
Let q(h) = 3608*h**2 + 149*h - 148. Let y be q(1). Calculate the highest common factor of y and 9.
9
Let q = -4 + 9. Let v(c) = c**3 + 5*c**2 + 3*c - 1. Let u be v(q). Let k be (-186)/(-8) - 540/(-720). What is the highest common factor of k and u?
24
Suppose 14*a - 938 + 3990 = 0. Let g = -203 - a. What is the highest common divisor of 50 and g?
5
Let a be (-6)/4 - ((-69)/(-2) + 1). Let n be a + (15/(-6))/(-5)*6. Let i be (n*(-2)/4)/1. What is the highest common factor of i and 51?
17
Let k(t) = t**3 - 4*t**2 + 4*t. Let g be k(3). Suppose 5*b = q - 65, q = g*b + 59 + 8. Calculate the greatest common divisor of 80 and q.
10
Suppose -3*x = 4*i + 288 - 1120, 5*i + 10 = 0. What is the highest common divisor of 21 and x?
7
Suppose 806*m - 221 = 782*m + 715. Calculate the greatest common divisor of 36543 and m.
39
Let m be 1*(6 + -11 + 3 - -5). Suppose 0 = -4*i - 3*l + 123, -3*i - 33 = m*l - 129. Calculate the greatest common divisor of 72 and i.
9
Let w be (1 - 99)/(2/(-3)). Let g be (-167832)/(-2646) - (-9)/(-42)*2. What is the highest common divisor of w and g?
21
Let j = 1617 - -1151. What is the highest common divisor of j and 144?
16
Suppose 5*z - 6*m - 1096 = 0, z + 23*m - 208 = 27*m. What is the greatest common divisor of 2674 and z?
14
Let t be (-100)/15*(-25)/20*3. Suppose -5 + t = -5*w, 3*w + 18 = q. What is the highest common factor of q and 3?
3
Let m = 388 - 179. Let t = m - 200. Calculate the highest common divisor of 243 and t.
9
Let v be (-6)/(-2)*3*(-8)/(-18). Suppose 3*b - 408 = -b - v*h, 0 = -2*b + h + 195. Calculate the greatest common factor of b and 33.
33
Let z be (582/4)/(72/(-258)*(-14)/224). What is the highest common factor of 172 and z?
86
Suppose 2*a - 452 = -2*w, 2*w = -w - 15. Let y be -6 - ((-13 - -4) + -18). What is the greatest common divisor of a and y?
21
Let m be (-6)/(-69) + (1 - 2 - 96118/(-782)). Calculate the greatest common factor of m and 10.
2
Suppose 0 = 10*f - 33*f + 575. Suppose -4*n = -9*n - 450. Let b = -40 - n. Calculate the highest common divisor of f and b.
25
Suppose -23 = -3*m + 14*a - 19*a, -5*m = 2*a - 32. Calculate the greatest common divisor of 66 and m.
6
Suppose -3996 = -13*p - 356. Suppose -4*q + 151 = s, 0 = -2*s - q + 4*q + p. What is the greatest common divisor of 22 and s?
11
Let q(y) = 13*y + 1. Suppose 12*s - 52 = -16. Let a be q(s). What is the highest common factor of a and 60?
20
Let x be 5/20*(1 - -51). Suppose -15*d + x*d + 222 = 0. Let n be -3 + 2*(-2 - d/(-6)). What is the highest common factor of n and 10?
10
Suppose 1600 = -4*k + 3*c, 4*k + 4*c = 3*c - 1584. Let n = -335 - k. What is the highest common factor of n and 155?
31
Suppose -5*x + 2*b - 180 = -6*x, -2*b - 700 = -4*x. What is the greatest common factor of 22 and x?
22
Suppose 0 = 216*m - 4585 - 9455. What is the highest common divisor of m and 520?
65
Let h(i) = -9*i**3. Let l be h(-1). Suppose -105 = -3*t - l. Suppose -4*q + 238 + 274 = 0. Calculate the highest common divisor of t and q.
32
Let z be (44/(-5))/((-177)/885). What is the greatest common factor of z and 275?
11
Suppose -2 - 10 = 2*m - 5*j, 2*j = 2*m + 24. Let l = m + 36. Let z = 181 - 166. What is the highest common factor of l and z?
5
Let k = -24228 - -35605. What is the greatest common divisor of k and 62?
31
Suppose -5*p + 6*p = 19. Let h = p - 11. Let o(d) = d**3 - 8*d**2 + 9*d + 8. Let b be o(h). Calculate the highest common factor of 10 and b.
10
Let c be 3459*(-17)/(1122/(-242)). What is the greatest common divisor of c and 11?
11
Let a = 34 - 6. Let m(j) = -j**3 - 12*j**2 - 11*j - 20. Let i be m(-12). Calculate the greatest common divisor of i and a.
28
Suppose -u + 11 = q, -4*u + 2*q + 34 = u. Suppose u + 12 = 2*v. Let i = -68 - -98. Calculate the highest common factor of i and v.
10
Let t = -767 - -779. Calculate the greatest common factor of 6276 and t.
12
Suppose -j + 1237 = 4*z - 185, -1779 = -5*z - j. Calculate the highest common divisor of 14 and z.
7
Suppose -6641 + 11073 = 22*n - 14378. What is the greatest common factor of n and 399?
57
Let r = -583 - -583. Suppose 579 = 3*f - 0*f. Suppose r = 3*a - 158 - f. What is the highest common factor of 13 and a?
13
Let n(y) = -y**3 - 5*y**2 + 4*y. Let t be n(-6). Suppose -61*x + 66*x = -45, -276 = -m - 4*x. Calculate the greatest common divisor of m and t.
12
Suppose -167*w = -170*w - 12*n + 72, 3*w = n + 33. Let l = 17 - 2. Let g = l + -11. What is the greatest common divisor of w and g?
4
Suppose -2*s + 5*t + 90 = 0, 93*s - 109 = 90*s + t. What is the greatest common factor of s and 25?
5
Let k be (-88)/(-40) - 508538/(-85). What is the highest common divisor of k and 38?
19
Let v(a) = -286*a + 507. Let i be v(-41). Calculate the highest common divisor of i and 39.
13
Let g be -5 - 3528/24*(-8)/3. Calculate the highest common factor of g and 1075.
43
Suppose 0 = -33*c + 12269 + 6673. What is the greatest common divisor of c and 28?
14
Let h(b) = 9*b**2 + 3*b - 33. Let d be h(-9). Let y = -667 + d. Calculate the greatest common factor of 298 and y.
2
Suppose 18*w + 3*w = 63. Let m(b) = 7*b**3 + b**2 - 6*b - 4. Let d be m(w). What is the highest common divisor of 11 and d?
11
Let c(h) = -h**3 - 35*h**2 + 101*h + 244. Let x be c(-38). What is the greatest common divisor of 164 and x?
82
Suppose -3 = a + 5. Let r(z) = 2*z**2 + 12*z + 52. Let j be r(a). Suppose m = -2 + j. What is the greatest common factor of m and 123?
41
Suppose 143 = 5*j + 4*h - 761, -3*j - h + 541 = 0. What is the greatest common divisor of j and 620?
20
Suppose -65*f + 66*f + 5 = 0. Let i be (-4 + 1)*(1 + f/3). What is the greatest common factor of 14 and i?
2
Let m = 1133 - -231. Suppose -m + 490 = -19*s. Calculate the greatest common factor of s and 368.
46
Let z be (-8 - 973/(-21))/(2/168*7). What is the highest common factor of z and 3956?
92
Let p(y) = y**3 - 4*y**2 + 3*y + 4. Let x be p(3). Suppose 0 = 2*r + x*o - 38, 4*r - 5*o - 96 = -7. What is the highest common factor of 84 and r?
21
Suppose -309*l - 306*l + 616*l = 1421. What is the highest common divisor of l and 29?
29
Let u be -3*(2/3 - (-2)/3). Let s be 1/u + 78/24 + 2. Suppose 65 = 3*k - s*y, 2*y = -5*k + 5*y + 135. Calculate the greatest common factor of 6 and k.
6
Let x = -439 + 509. Let z = 596 + -330. Let q = z - 91. Calculate the highest common factor of x and q.
35
Let v(a) = -a**2 - 20*a + 2208. Let q be v(37). What is the highest common factor of 738 and q?
9
Let w(z) = 10 + 10 - z - 23 + z**2. Let s be w(3). Let h be 7 - (5/5 - s). What is the highest common divisor of h and 45?
9
Let a(f) = 178*f - 462. Let j be a(3). Calculate the highest common divisor of 1629 and j.
9
Suppose 821525 = 378*i - 122*i + 57877. What is the greatest common factor of 38 and i?
19
Let l = 203 - 372. Let h be l/(-6) + (-3)/18. What is the greatest common factor of 224 and h?
28
Suppose -2*u + 296 = 3*o + 55, -2*u - 2*o = -236. Let b = u + 42. Calculate the greatest common divisor of 5 and b.
5
Let z be (-69 + 68)*(((-6)/(-4))/((-9)/5736) - -7). Suppose 2*j - 365 = -3*j. What is the highest common factor of z and j?
73
Suppose -2*a + 35 = 3*t, -15*t + 10*t - a + 70 = 0. What is the highest common divisor of 39 and t?
3
Let p(k) be the first derivative of 2*k**3/3 - 4*k**2 - 25*k + 130. Let b be p(9). Calculate the highest common divisor of b and 715.
65
Let b be 1/(-3) - 35/(-6)*(-1178)/(-95). Calculate the greatest common divisor of 3096 and b.
72
Suppose 5*n - 4*h = 128, 4*h - 9 - 63 = -5*n. What is the greatest common factor of n and 6710?
10
Suppose -5*k - 9 = -8*k - 5*c, -c = -3. Let u be -2 + 2 + k - 9. Let j be (7/1)/(u/(-44)). What is the highest common factor of j and 84?
28
Let k be 80/(-3) + 4/6. Let j = -20 - k. Let m(f) = f**2 - f - 19. Let p be m(j). What is the greatest common divisor of p and 11?
11
Let k(d) = 4*d**2 - 4*d + 7. Suppose 2*t + 1 = 5. Let i be k(t). What is the greatest common factor of i and 27?
3
Let d(f) = -f + 1. Let y be d(-2). Let w be y/(-6)*1*0. Let g be (w + 1)/(48/15 - 3). Calculate the highest common factor of g and 40.
5
Suppose 4*v - 55 = 8*v - k, -k - 35 = 2*v. Let a be (1/(-3) - (-8)/(-24))*v. Calculate the greatest common divisor of 10 and a.
10
Let u be 18 + 3/((-9)